y.
5
Suppose 2*c = a - 0*c - 36, -3*c + 193 = 5*a. Calculate the highest common factor of a and 95.
19
Let v(a) = 7*a**3 + 6*a**2 - 2*a - 6. Let f be v(3). Calculate the highest common divisor of f and 33.
33
Suppose 0 = 2*x - 5 - 1. Let s = 4 - 1. What is the greatest common factor of x and s?
3
Suppose -2*c + 87 = -49. Calculate the highest common divisor of c and 17.
17
Suppose -3*r + 4*o + 12 = -5, 2*o = -3*r + 23. Let a be 1*6*(r - 0). Calculate the greatest common divisor of a and 6.
6
Let y(a) = 9*a**2 - 5*a - 4. Let t be (2 - 5)*(-8)/6. Let x be y(t). Calculate the greatest common divisor of x and 24.
24
Suppose 1 = 2*y + m, 7*y - 12 = 4*y + 2*m. Let t(p) = p. Let i be t(y). Calculate the greatest common factor of 10 and i.
2
Suppose 3*x - 70 = -4. Suppose y = -y + 66. Suppose u - y = -0*u. Calculate the greatest common factor of x and u.
11
Let h = -166 + 270. Calculate the highest common divisor of h and 13.
13
Let j(n) = -3*n + 11. Let m(w) = w - 6. Let f(p) = 3*j(p) + 7*m(p). Let y be f(-6). Suppose 80 = i + y*i. Calculate the highest common factor of 50 and i.
10
Let c be (-8)/(-1 + (-3)/(-5)). Suppose -81 = 4*s - 21. Let q = 65 + s. What is the greatest common divisor of c and q?
10
Let d be (-1636)/(-34) + ((-800)/(-136) - 6). What is the greatest common factor of d and 192?
48
Let p = 25 + -24. Let s = 40 + -16. Suppose 3*d = -f + 23, 3*d - s - 3 = -3*f. Calculate the highest common factor of p and d.
1
Let c be (-1)/((-6)/75) - (-5)/10. Calculate the greatest common factor of c and 65.
13
Let u be (-45)/(-12) + 3/12. Calculate the greatest common divisor of u and 36.
4
Suppose -7*g = -2*g + 20. Let m be 6*(-82)/g + -2. Calculate the highest common divisor of 11 and m.
11
Let j(r) = 6*r - 2. Let t be j(3). Let z be (26/4)/((-1)/(-2)). Let i = 11 + z. Calculate the greatest common divisor of t and i.
8
Let k be -2 + (-10)/6*-3. Suppose -5*w + 10 = -k*w. Suppose 5*a - w*h - 341 = -3*h, -2*a + 128 = -5*h. Calculate the greatest common divisor of 23 and a.
23
Suppose v = 5*g - 59, 3*g - 51 = -2*g - v. What is the greatest common divisor of 1 and g?
1
Suppose 0 = b + 3*f - 109, -2*b + 5*f = 3*b - 445. Calculate the highest common divisor of 141 and b.
47
Let u(z) = -z**3 + z**2 + 2. Let m be u(0). Let g(v) = -v**3 - 5*v**2 - 2*v - 7. Let x be g(-5). What is the highest common divisor of x and m?
1
Suppose i + 2*i - j - 504 = 0, 0 = 5*i + 3*j - 854. Suppose -i - 31 = -5*b. Calculate the greatest common factor of 8 and b.
8
Let d = -15 + 15. Let s = -1 - -1. Let m be 22 - d/(-1 - s). What is the greatest common factor of 33 and m?
11
Suppose m - 4 = 4. Suppose -3*f - p = -55, 5*p = -f + 29 + m. What is the greatest common divisor of f and 17?
17
Suppose 2*y + 3*w = 46, 5*y + 2*w - 104 = -0*w. What is the highest common divisor of y and 30?
10
Suppose -o = j + 3*o - 22, 3*o - 12 = 0. Suppose -3*p - 72 = -j*p. Calculate the greatest common factor of 60 and p.
12
Suppose -247 = g + 32. Let z = -167 - g. Calculate the greatest common divisor of z and 14.
14
Let f(t) = 242*t + 3. Let s be f(1). What is the greatest common factor of 35 and s?
35
Let k = -13 + 16. Suppose -3*c + 19 = -u, 5*c = k*c - 4*u - 6. What is the greatest common factor of c and 5?
5
Suppose -4*t + 8 = -3*z - 6, 5*t = -5*z. Suppose -5*w = -4*w - 2. Calculate the greatest common factor of t and w.
2
Let i(z) = -17*z**2 - z. Let b be i(1). Let s be 6/(-4) + (-315)/b. Calculate the greatest common divisor of 2 and s.
2
Let r be (-1 + 23/3)/((-2)/(-12)). Calculate the highest common divisor of 10 and r.
10
Suppose 0*a = 2*a - 5*u - 216, 5*a - 3*u - 502 = 0. What is the greatest common factor of 14 and a?
14
Suppose 5*u = 66 + 29. What is the highest common divisor of 57 and u?
19
Let y be -1 - 1 - (0 + -9). Let p be ((-21)/9)/(-1)*(2 + 1). Calculate the highest common divisor of p and y.
7
Suppose j = -1 + 5. Suppose l - 17 - 17 = 3*a, 0 = -j*l - 4*a + 168. What is the greatest common divisor of l and 10?
10
Suppose -n - 137 = -0*n. Let q = n - -221. Suppose -3*f + 4*f = 12. What is the highest common factor of f and q?
12
Suppose -4*w + 284 + 256 = 0. Calculate the greatest common divisor of 54 and w.
27
Suppose 5*p + 50 = 10*p. What is the greatest common factor of 50 and p?
10
Suppose 0 = r - 3*h - 6, -28 = 2*r - 4*r + 2*h. What is the highest common factor of 45 and r?
9
Suppose 23 = -4*g + 75. Calculate the highest common factor of 52 and g.
13
Let w = 8 + -3. Suppose -5*f + 5 + 7 = u, -5*f + w*u + 30 = 0. Suppose 2*n - g = -n + 4, 0 = 2*n + 3*g - 21. Calculate the greatest common factor of n and f.
3
Let f be (22/(-8))/((-1)/8). Suppose -3*t - 110 = -5*t. Calculate the greatest common divisor of t and f.
11
Let g(l) = 64*l**2 - 5*l + 4. Let u be g(1). What is the highest common divisor of 7 and u?
7
Suppose -4*a + 2 = 3*j - 8*j, -2*a + 4*j - 2 = 0. Calculate the highest common factor of 27 and a.
3
Let a be 45/25*20/6. Let i be 0 - (a/2 + -14). Calculate the highest common factor of 11 and i.
11
Let w(z) be the second derivative of z**4/3 - 2*z**2 + 5*z. Let d be w(3). Calculate the highest common divisor of d and 8.
8
Let h = 0 + 1. Let q(m) = -2*m - 2 + 2*m**2 + 0*m + 3*m**2 - m**3 + h. Let p be q(4). What is the highest common divisor of p and 63?
7
Suppose 2*o + 16 = 4*o + 3*n, -2*o = -5*n. Suppose -9 = -h + o. Suppose -3*g = -312 - 150. What is the highest common factor of g and h?
14
Let i(t) = 2*t**2 + 6*t + 4. Let v be i(-4). Calculate the greatest common divisor of 24 and v.
12
Let p = 31 - 18. Suppose -6 - 2 = 2*j. Let v(c) = 2*c**2 + 4*c - 3. Let d be v(j). What is the highest common divisor of p and d?
13
Let f(x) = 2*x**2 - 5*x - 1. Let p be f(4). Calculate the greatest common divisor of p and 44.
11
Let a(w) = 3*w**2 + w + 1. Let s be a(-2). Let n be (-6)/((4*(-3)/66)/1). Calculate the highest common factor of n and s.
11
Let k(f) be the first derivative of -f**3/3 + 4*f**2 + 4*f - 1. Let c be k(8). Suppose 15 = 5*i - 65. What is the greatest common factor of i and c?
4
Let l(k) = -k**3 - 3*k**2 + 5*k + 4. Let g be l(-4). Suppose -4*h - 37 = -3*r - 0*h, g = 4*r + 3*h - 66. Calculate the highest common divisor of 5 and r.
5
Suppose 0 = -3*n - 2*u + u + 487, 0 = -5*n - u + 809. Suppose 3*q + 26 = n. Let o = 41 - 23. Calculate the highest common divisor of q and o.
9
Let v(h) = -h**2 + 18*h - 53. Let b be v(13). What is the highest common divisor of 8 and b?
4
Let j(m) = m**2 - 3*m - 2. Let h be j(6). Suppose -5*g - x + 34 = 0, 4*x - h = -0*x. What is the highest common divisor of g and 15?
3
Suppose 9*b + 115 = 14*b. Calculate the greatest common factor of 92 and b.
23
Let b = -21 + 25. Let t be 1 - 0 - (-7)/1. What is the highest common divisor of t and b?
4
Suppose 7*f - 2*n - 94 = 4*f, 114 = 4*f + 3*n. Let s be -3*(-4)/((-20)/(-125)). Calculate the highest common factor of s and f.
15
Let p = -10 + 18. Let g(q) = -q**3 - 5*q**2 + 12. Let v be g(-5). Calculate the greatest common factor of p and v.
4
Suppose 0 = -2*l + 2*t + 14, -7*t + 35 = 5*l - 2*t. Calculate the highest common divisor of 49 and l.
7
Suppose 0 = 6*s + 19 - 355. Calculate the greatest common factor of s and 16.
8
Let g be 21 + 2/(-13) + 74/(-26). Calculate the highest common divisor of 198 and g.
18
Let b = 25 - 73. Let p = b - -23. Let x = p + 45. Calculate the highest common factor of x and 10.
10
Let j(v) = -586*v + 2. Let r be j(-1). Let n be (r/(-8))/((-2)/4). What is the greatest common factor of 21 and n?
21
Let y(r) = -r**2 + 6*r + 4. Let z be y(6). Let w be -3 - 4/(4/(-35)). Calculate the highest common divisor of z and w.
4
Let q(p) = -12*p**3 - p**2 + 1. Let i be q(-1). Let z be (-1)/(-3) + (-38)/(-3). Let w = -1 + z. What is the highest common factor of w and i?
12
Let r(b) = -b**3 + 8*b**2 - b - 7. Let s be r(7). What is the greatest common divisor of 14 and s?
7
Let y(b) = -b**2 - 6*b - 2. Let g be y(-6). Let z be 9 + 1 - (g - 0). What is the greatest common factor of z and 24?
12
Let z = 6 + 4. What is the greatest common factor of 20 and z?
10
Suppose 2*u + 6 = 4*u. Let a be (u + 1*-63)/(-1). What is the highest common factor of 24 and a?
12
Let d = -29 - -85. Calculate the greatest common divisor of 140 and d.
28
Let p = 12 + -9. Suppose -30 = -2*h - l + p*l, -4*h